{"id":6,"date":"2021-07-30T10:43:06","date_gmt":"2021-07-30T10:43:06","guid":{"rendered":"https:\/\/osvs.edu.ba\/?page_id=6"},"modified":"2021-08-05T11:37:20","modified_gmt":"2021-08-05T11:37:20","slug":"about","status":"publish","type":"page","link":"https:\/\/osvs.edu.ba\/index.php\/about\/","title":{"rendered":"O nama"},"content":{"rendered":"<p>\u0160kola je smje\u0161tena na lijevoj obali rijeke Miljacke i podru\u010dju Mjesne zajednice \u00abSkenderija-Podtekija\u00bb, u ulici Terezija broj 48. Nalazi se u naju\u017eem, urbanom\u00a0 sredi\u0161tu Op\u0107ine Centar, blizu administrativnih, zdravstvenih, \u00a0kulturnih i sportskih centara. \u00a0Zauzima ukupno povr\u0161ine 7000m<sup>2<\/sup>, dvori\u0161te <sup>\u00a0<\/sup>i\u00a0 zgrada.<\/p>\n<p>\u0160kola je po\u010dela sa radom 30.09.1962. godine pod nazivom O\u0160 \u00abVladimir Peri\u0107 Valter\u00bb. Tokom agresije na BiH u periodu 92-95. godine \u0161kolski objekat je zna\u010dajno o\u0161te\u0107en, a \u0161kolska oprema i dokumentacija uni\u0161tena. Bila je to prva odbrambena linija grada. U sklopu gr\u010dkog programa u\u010de\u0161\u0107a u obnovi BiH, 1996. godine je zapo\u010dela sanacija a \u0161kola je sve\u010dano otvorena 02.09.1997. godine. \u0160kola je dobila novi naziv 1993. godine po liku Vladislava Skari\u0107a zna\u010dajnom za neprocjenljivi i nesebi\u010dan doprinos razvoju gradua i dr\u017eave BiH u prou\u010davanju historije BiH, naro\u010dito rane, uz sve ostale aktivnosti kao osniva\u010d kulturno-prosvjetnog dru\u0161tva Prosvjeta, univerzitetski profesor i direktor Zemaljskog muzeja.<\/p>\n<p>\u0160kola novi vizuelni identitet i izgled dobija krajem 2018.godine kroz program Energetke efikasnosti koji je vodio UNDP uz podr\u0161ku Vlade Kantona Sarajevo, Vlade \u0160vedske, Ministarstva za obrazovanje, nauku i mlade, Ministarstva za prostorno ure\u0111enje i Op\u0107ine Centar. Na \u0161kolskom objektu je zamjenjena stolarija, postavljena nova termofasada i ura\u0111eno novo rje\u0161enje ravnog krova. Uporedo sa tim, uprava i radnici \u0161kole su radili na estetskom ure\u0111enju unutra\u0161njosti \u0161kole i dvori\u0161ta \u0161kole. U dvori\u0161tu \u0161kole je uspostavljen Ciciban dje\u010diji park \u010diju je izgradnju finansirala Op\u0107ina Centar. Krajem februara 2021.godine u funkciji se stavlja nova kotlovnica na plin koja je rezultat rada II faze projekta energetske efikasnosti koji provodi UNDP.<\/p>\n<p>\u0160kola iz dana u dan raste i stvara optimalne uslove za na\u0161e u\u010denike. Idemo dalje<\/p>\n<p><img loading=\"lazy\" decoding=\"async\" class=\"alignnone size-medium wp-image-37\" src=\"https:\/\/osvs.edu.ba\/wp-content\/uploads\/2021\/08\/IMG-63c1a0821f2ee83241318091b8f7a89a-V-274x300.jpg\" alt=\"\" width=\"274\" height=\"300\" srcset=\"https:\/\/osvs.edu.ba\/wp-content\/uploads\/2021\/08\/IMG-63c1a0821f2ee83241318091b8f7a89a-V-274x300.jpg 274w, https:\/\/osvs.edu.ba\/wp-content\/uploads\/2021\/08\/IMG-63c1a0821f2ee83241318091b8f7a89a-V-937x1024.jpg 937w, https:\/\/osvs.edu.ba\/wp-content\/uploads\/2021\/08\/IMG-63c1a0821f2ee83241318091b8f7a89a-V-768x839.jpg 768w, https:\/\/osvs.edu.ba\/wp-content\/uploads\/2021\/08\/IMG-63c1a0821f2ee83241318091b8f7a89a-V.jpg 1076w\" sizes=\"auto, (max-width: 274px) 100vw, 274px\" \/><\/p>\n<p><img loading=\"lazy\" decoding=\"async\" class=\"alignnone size-medium wp-image-33\" src=\"https:\/\/osvs.edu.ba\/wp-content\/uploads\/2021\/07\/OSVS-logo-2016-282x300.png\" alt=\"\" width=\"282\" height=\"300\" srcset=\"https:\/\/osvs.edu.ba\/wp-content\/uploads\/2021\/07\/OSVS-logo-2016-282x300.png 282w, https:\/\/osvs.edu.ba\/wp-content\/uploads\/2021\/07\/OSVS-logo-2016-963x1024.png 963w, https:\/\/osvs.edu.ba\/wp-content\/uploads\/2021\/07\/OSVS-logo-2016-768x817.png 768w, https:\/\/osvs.edu.ba\/wp-content\/uploads\/2021\/07\/OSVS-logo-2016-1444x1536.png 1444w, https:\/\/osvs.edu.ba\/wp-content\/uploads\/2021\/07\/OSVS-logo-2016.png 1604w\" sizes=\"auto, (max-width: 282px) 100vw, 282px\" \/><img loading=\"lazy\" decoding=\"async\" class=\"alignnone size-medium wp-image-102\" src=\"https:\/\/osvs.edu.ba\/wp-content\/uploads\/2021\/08\/45923238_2206948849552089_7615440734837014528_n-300x225.jpg\" alt=\"\" width=\"300\" height=\"225\" srcset=\"https:\/\/osvs.edu.ba\/wp-content\/uploads\/2021\/08\/45923238_2206948849552089_7615440734837014528_n-300x225.jpg 300w, https:\/\/osvs.edu.ba\/wp-content\/uploads\/2021\/08\/45923238_2206948849552089_7615440734837014528_n-1024x768.jpg 1024w, https:\/\/osvs.edu.ba\/wp-content\/uploads\/2021\/08\/45923238_2206948849552089_7615440734837014528_n-768x576.jpg 768w, https:\/\/osvs.edu.ba\/wp-content\/uploads\/2021\/08\/45923238_2206948849552089_7615440734837014528_n.jpg 1440w\" sizes=\"auto, (max-width: 300px) 100vw, 300px\" \/><\/p>\n<p>&nbsp;<\/p>\n","protected":false},"excerpt":{"rendered":"<p>\u0160kola je smje\u0161tena na lijevoj obali rijeke Miljacke i podru\u010dju Mjesne zajednice \u00abSkenderija-Podtekija\u00bb, u ulici Terezija broj 48. Nalazi se u naju\u017eem, urbanom\u00a0 sredi\u0161tu Op\u0107ine Centar, blizu administrativnih, zdravstvenih, \u00a0kulturnih i sportskih centara. \u00a0Zauzima ukupno povr\u0161ine 7000m2, dvori\u0161te \u00a0i\u00a0 zgrada. \u0160kola je po\u010dela sa radom 30.09.1962. godine pod nazivom O\u0160 \u00abVladimir Peri\u0107 Valter\u00bb. Tokom agresije na BiH u periodu 92-95. godine \u0161kolski objekat je zna\u010dajno o\u0161te\u0107en, a \u0161kolska oprema i dokumentacija uni\u0161tena. Bila je to prva odbrambena linija grada. U sklopu gr\u010dkog programa u\u010de\u0161\u0107a u obnovi BiH, 1996. godine je zapo\u010dela sanacija a \u0161kola je sve\u010dano otvorena 02.09.1997. godine. \u0160kola&#8230; <\/p>\n","protected":false},"author":2,"featured_media":0,"parent":0,"menu_order":0,"comment_status":"closed","ping_status":"closed","template":"","meta":{"footnotes":""},"class_list":["post-6","page","type-page","status-publish","hentry"],"_links":{"self":[{"href":"https:\/\/osvs.edu.ba\/index.php\/wp-json\/wp\/v2\/pages\/6","targetHints":{"allow":["GET"]}}],"collection":[{"href":"https:\/\/osvs.edu.ba\/index.php\/wp-json\/wp\/v2\/pages"}],"about":[{"href":"https:\/\/osvs.edu.ba\/index.php\/wp-json\/wp\/v2\/types\/page"}],"author":[{"embeddable":true,"href":"https:\/\/osvs.edu.ba\/index.php\/wp-json\/wp\/v2\/users\/2"}],"replies":[{"embeddable":true,"href":"https:\/\/osvs.edu.ba\/index.php\/wp-json\/wp\/v2\/comments?post=6"}],"version-history":[{"count":5,"href":"https:\/\/osvs.edu.ba\/index.php\/wp-json\/wp\/v2\/pages\/6\/revisions"}],"predecessor-version":[{"id":103,"href":"https:\/\/osvs.edu.ba\/index.php\/wp-json\/wp\/v2\/pages\/6\/revisions\/103"}],"wp:attachment":[{"href":"https:\/\/osvs.edu.ba\/index.php\/wp-json\/wp\/v2\/media?parent=6"}],"curies":[{"name":"wp","href":"https:\/\/api.w.org\/{rel}","templated":true}]}}