{"id":1843,"date":"2023-11-21T14:10:39","date_gmt":"2023-11-21T14:10:39","guid":{"rendered":"https:\/\/osvs.edu.ba\/?page_id=1843"},"modified":"2023-11-21T14:13:45","modified_gmt":"2023-11-21T14:13:45","slug":"skola-roditeljstva","status":"publish","type":"page","link":"https:\/\/osvs.edu.ba\/index.php\/skola-roditeljstva\/","title":{"rendered":"\u0160kola roditeljstva"},"content":{"rendered":"<p><a href=\"https:\/\/osvs.edu.ba\/wp-content\/uploads\/2023\/11\/Brosura-Zajednicke-aktivnosti-roditelja-i-djece.pdf\" class=\"pdfemb-viewer\" style=\"\" data-width=\"max\" data-height=\"max\" data-toolbar=\"bottom\" data-toolbar-fixed=\"off\">Bro\u0161ura - Zajednicke aktivnosti roditelja i djece<\/a> <a href=\"https:\/\/osvs.edu.ba\/wp-content\/uploads\/2023\/11\/Brosura-Zastita-djece-od-bolesti.pdf\" class=\"pdfemb-viewer\" style=\"\" data-width=\"max\" data-height=\"max\" data-toolbar=\"bottom\" data-toolbar-fixed=\"off\">Bro\u0161ura - Za\u0161tita djece od bolesti<\/a> <a href=\"https:\/\/osvs.edu.ba\/wp-content\/uploads\/2023\/11\/Skola-roditeljstva-osnovci.pdf\" class=\"pdfemb-viewer\" style=\"\" data-width=\"max\" data-height=\"max\" data-toolbar=\"bottom\" data-toolbar-fixed=\"off\">\u0160kola roditeljstva - osnovci<\/a><\/p>\n<p><a href=\"https:\/\/osvs.edu.ba\/wp-content\/uploads\/2023\/11\/Skola-roditeljstva-adolescenti.pdf\" class=\"pdfemb-viewer\" style=\"\" data-width=\"max\" data-height=\"max\" data-toolbar=\"bottom\" data-toolbar-fixed=\"off\">\u0160kola roditeljstva - adolescenti<\/a> <a href=\"https:\/\/osvs.edu.ba\/wp-content\/uploads\/2023\/11\/BROSURA-PORUKE-ZA-RODITELJE.pdf\" class=\"pdfemb-viewer\" style=\"\" data-width=\"max\" data-height=\"max\" data-toolbar=\"bottom\" data-toolbar-fixed=\"off\">BRO\u0160URA - PORUKE ZA RODITELJE<\/a> <img loading=\"lazy\" decoding=\"async\" class=\"alignnone size-medium wp-image-1850\" src=\"https:\/\/osvs.edu.ba\/wp-content\/uploads\/2023\/11\/Letak-Kako-povecati-empatiju-kod-adolestenata_-211x300.jpg\" alt=\"\" width=\"211\" height=\"300\" srcset=\"https:\/\/osvs.edu.ba\/wp-content\/uploads\/2023\/11\/Letak-Kako-povecati-empatiju-kod-adolestenata_-211x300.jpg 211w, https:\/\/osvs.edu.ba\/wp-content\/uploads\/2023\/11\/Letak-Kako-povecati-empatiju-kod-adolestenata_-722x1024.jpg 722w, https:\/\/osvs.edu.ba\/wp-content\/uploads\/2023\/11\/Letak-Kako-povecati-empatiju-kod-adolestenata_-768x1090.jpg 768w, https:\/\/osvs.edu.ba\/wp-content\/uploads\/2023\/11\/Letak-Kako-povecati-empatiju-kod-adolestenata_-1083x1536.jpg 1083w, https:\/\/osvs.edu.ba\/wp-content\/uploads\/2023\/11\/Letak-Kako-povecati-empatiju-kod-adolestenata_-1444x2048.jpg 1444w, https:\/\/osvs.edu.ba\/wp-content\/uploads\/2023\/11\/Letak-Kako-povecati-empatiju-kod-adolestenata_.jpg 1748w\" sizes=\"auto, (max-width: 211px) 100vw, 211px\" \/><\/p>\n<p><a href=\"https:\/\/osvs.edu.ba\/wp-content\/uploads\/2023\/11\/Skola-roditeljstva-zdravstvo.pdf\" class=\"pdfemb-viewer\" style=\"\" data-width=\"max\" data-height=\"max\" data-toolbar=\"bottom\" data-toolbar-fixed=\"off\">\u0160kola roditeljstva - zdravstvo<\/a><a href=\"https:\/\/osvs.edu.ba\/wp-content\/uploads\/2023\/11\/Brosura-Najcesce-pogreske-roditelja-u-odgoju.pdf\" class=\"pdfemb-viewer\" style=\"\" data-width=\"max\" data-height=\"max\" data-toolbar=\"bottom\" data-toolbar-fixed=\"off\">Bro\u0161ura - Naj\u010de\u0161\u0107e pogre\u0161ke roditelja u odgoju<\/a> <a href=\"https:\/\/osvs.edu.ba\/wp-content\/uploads\/2023\/11\/Brosura-Roditeljstvo-je-i-zivotni-izazov.pdf\" class=\"pdfemb-viewer\" style=\"\" data-width=\"max\" data-height=\"max\" data-toolbar=\"bottom\" data-toolbar-fixed=\"off\">Bro\u0161ura - Roditeljstvo je i \u017eivotni izazov<\/a> <a href=\"https:\/\/osvs.edu.ba\/wp-content\/uploads\/2023\/11\/Brosura-Zdrav-pocetak-zivota.pdf\" class=\"pdfemb-viewer\" style=\"\" data-width=\"max\" data-height=\"max\" data-toolbar=\"bottom\" data-toolbar-fixed=\"off\">Bro\u0161ura - Zdrav po\u010detak \u017eivota<\/a> <img loading=\"lazy\" decoding=\"async\" class=\"alignnone size-medium wp-image-1856\" src=\"https:\/\/osvs.edu.ba\/wp-content\/uploads\/2023\/11\/Letak-10-zlatnih-savjeta-roditeljima-211x300.jpg\" alt=\"\" width=\"211\" height=\"300\" srcset=\"https:\/\/osvs.edu.ba\/wp-content\/uploads\/2023\/11\/Letak-10-zlatnih-savjeta-roditeljima-211x300.jpg 211w, https:\/\/osvs.edu.ba\/wp-content\/uploads\/2023\/11\/Letak-10-zlatnih-savjeta-roditeljima-722x1024.jpg 722w, https:\/\/osvs.edu.ba\/wp-content\/uploads\/2023\/11\/Letak-10-zlatnih-savjeta-roditeljima-768x1090.jpg 768w, https:\/\/osvs.edu.ba\/wp-content\/uploads\/2023\/11\/Letak-10-zlatnih-savjeta-roditeljima-1083x1536.jpg 1083w, https:\/\/osvs.edu.ba\/wp-content\/uploads\/2023\/11\/Letak-10-zlatnih-savjeta-roditeljima-1444x2048.jpg 1444w, https:\/\/osvs.edu.ba\/wp-content\/uploads\/2023\/11\/Letak-10-zlatnih-savjeta-roditeljima.jpg 1748w\" sizes=\"auto, (max-width: 211px) 100vw, 211px\" \/> <img loading=\"lazy\" decoding=\"async\" class=\"alignnone size-medium wp-image-1857\" src=\"https:\/\/osvs.edu.ba\/wp-content\/uploads\/2023\/11\/Letak-Roditeljstvo-po-mjeri-djeteta-211x300.jpg\" alt=\"\" width=\"211\" height=\"300\" srcset=\"https:\/\/osvs.edu.ba\/wp-content\/uploads\/2023\/11\/Letak-Roditeljstvo-po-mjeri-djeteta-211x300.jpg 211w, https:\/\/osvs.edu.ba\/wp-content\/uploads\/2023\/11\/Letak-Roditeljstvo-po-mjeri-djeteta-722x1024.jpg 722w, https:\/\/osvs.edu.ba\/wp-content\/uploads\/2023\/11\/Letak-Roditeljstvo-po-mjeri-djeteta-768x1090.jpg 768w, https:\/\/osvs.edu.ba\/wp-content\/uploads\/2023\/11\/Letak-Roditeljstvo-po-mjeri-djeteta-1083x1536.jpg 1083w, https:\/\/osvs.edu.ba\/wp-content\/uploads\/2023\/11\/Letak-Roditeljstvo-po-mjeri-djeteta-1444x2048.jpg 1444w, https:\/\/osvs.edu.ba\/wp-content\/uploads\/2023\/11\/Letak-Roditeljstvo-po-mjeri-djeteta.jpg 1748w\" sizes=\"auto, (max-width: 211px) 100vw, 211px\" \/> <a href=\"https:\/\/osvs.edu.ba\/wp-content\/uploads\/2023\/11\/Skola-roditeljstva-predskolci.pdf\" class=\"pdfemb-viewer\" style=\"\" data-width=\"max\" data-height=\"max\" data-toolbar=\"bottom\" data-toolbar-fixed=\"off\">\u0160kola roditeljstva - pred\u0161kolci<\/a> <a href=\"https:\/\/osvs.edu.ba\/wp-content\/uploads\/2023\/11\/ZDRAV-P.Z.pdf\" class=\"pdfemb-viewer\" style=\"\" data-width=\"max\" data-height=\"max\" data-toolbar=\"bottom\" data-toolbar-fixed=\"off\">ZDRAV P.\u017d.<\/a><\/p>\n","protected":false},"excerpt":{"rendered":"","protected":false},"author":3,"featured_media":0,"parent":0,"menu_order":0,"comment_status":"closed","ping_status":"closed","template":"","meta":{"footnotes":""},"class_list":["post-1843","page","type-page","status-publish","hentry"],"_links":{"self":[{"href":"https:\/\/osvs.edu.ba\/index.php\/wp-json\/wp\/v2\/pages\/1843","targetHints":{"allow":["GET"]}}],"collection":[{"href":"https:\/\/osvs.edu.ba\/index.php\/wp-json\/wp\/v2\/pages"}],"about":[{"href":"https:\/\/osvs.edu.ba\/index.php\/wp-json\/wp\/v2\/types\/page"}],"author":[{"embeddable":true,"href":"https:\/\/osvs.edu.ba\/index.php\/wp-json\/wp\/v2\/users\/3"}],"replies":[{"embeddable":true,"href":"https:\/\/osvs.edu.ba\/index.php\/wp-json\/wp\/v2\/comments?post=1843"}],"version-history":[{"count":3,"href":"https:\/\/osvs.edu.ba\/index.php\/wp-json\/wp\/v2\/pages\/1843\/revisions"}],"predecessor-version":[{"id":1860,"href":"https:\/\/osvs.edu.ba\/index.php\/wp-json\/wp\/v2\/pages\/1843\/revisions\/1860"}],"wp:attachment":[{"href":"https:\/\/osvs.edu.ba\/index.php\/wp-json\/wp\/v2\/media?parent=1843"}],"curies":[{"name":"wp","href":"https:\/\/api.w.org\/{rel}","templated":true}]}}